
3, 5, 157, 92177
What are the prime factors of 3792058932?
2, 3, 5189, 60899
What are the prime factors of 3432654674?
2, 191, 1301, 6907
List the prime factors of 142973318.
2, 71486659
List the prime factors of 5024281407.
3, 29, 107, 539723
What are the prime factors of 368284914?
2, 3, 509, 13399
List the prime factors of 164845780.
2, 5, 11, 749299
What are the prime factors of 329055433?
7, 19, 353443
List the prime factors of 30989952.
2, 3, 7, 61
List the prime factors of 627685644.
2, 3, 31, 1687327
List the prime factors of 1405628584.
2, 41, 4285453
List the prime factors of 1877920347.
3, 19, 373, 88327
What are the prime factors of 878009950?
2, 5, 19, 79, 11699
List the prime factors of 50383119.
3, 79, 212587
What are the prime factors of 21099507?
3, 11, 13, 137, 359
What are the prime factors of 1686425260?
2, 5, 13, 6486251
What are the prime factors of 51086280?
2, 3, 5, 7, 61, 997
List the prime factors of 840324327.
3, 47, 5959747
What are the prime factors of 1669178130?
2, 3, 5, 971, 57301
What are the prime factors of 61454225?
5, 7, 37, 9491
List the prime factors of 191654062.
2, 47, 251, 8123
List the prime factors of 1706649709.
1706649709
List the prime factors of 8827078560.
2, 3, 5, 18389747
What are the prime factors of 971669865?
3, 5, 41, 1579951
What are the prime factors of 6181023418?
2, 19, 107, 1520173
What are the prime factors of 1886094543?
3, 10271, 61211
What are the prime factors of 4304887?
19, 23, 9851
List the prime factors of 279640644.
2, 3, 23303387
List the prime factors of 456029238.
2, 3, 7, 79, 167, 823
What are the prime factors of 49010076?
2, 3, 453797
What are the prime factors of 219232858?
2, 13, 8432033
What are the prime factors of 3125411715?
3, 5, 163, 1278287
List the prime factors of 262496391.
3, 41, 643, 3319
What are the prime factors of 1867788820?
2, 5, 93389441
What are the prime factors of 48544321?
7, 6934903
List the prime factors of 98137844.
2, 7, 3504923
What are the prime factors of 6075874802?
2, 43, 70649707
List the prime factors of 174747276.
2, 3, 11, 441281
List the prime factors of 492762028.
2, 11, 23, 89, 5471
List the prime factors of 279732950.
2, 5, 7, 37, 21601
List the prime factors of 2809463.
89, 31567
List the prime factors of 764324748.
2, 3, 11, 214457
List the prime factors of 314833347.
3, 34981483
What are the prime factors of 343642569?
3, 19, 37, 127, 1283
What are the prime factors of 1987301595?
3, 5, 2389, 55457
What are the prime factors of 648021534?
2, 3, 108003589
List the prime factors of 2605456601.
11, 17, 271, 51413
List the prime factors of 3302473.
3302473
List the prime factors of 2430568348.
2, 13, 83, 563153
List the prime factors of 154156580.
2, 5, 23, 335123
List the prime factors of 68770788.
2, 3, 5730899
What are the prime factors of 289391703?
3, 96463901
What are the prime factors of 565110494?
2, 13, 3109, 6991
List the prime factors of 2624965485.
3, 5, 174997699
List the prime factors of 9014720.
2, 5, 11, 13, 197
List the prime factors of 1158495256.
2, 144811907
List the prime factors of 174403792.
2, 37, 151, 1951
What are the prime factors of 40592877?
3, 13, 61, 113, 151
List the prime factors of 2895531289.
7, 907, 456061
List the prime factors of 51408144.
2, 3, 79, 4519
List the prime factors of 114405427.
17, 23, 101, 2897
What are the prime factors of 4144906?
2, 17, 121909
List the prime factors of 1607060618.
2, 803530309
What are the prime factors of 1017286720?
2, 5, 733, 4337
List the prime factors of 135232977.
3, 11, 17, 193, 1249
List the prime factors of 140790096.
2, 3, 31, 10513
List the prime factors of 190507648.
2, 31, 41, 1171
What are the prime factors of 136585429?
17, 8034437
What are the prime factors of 667874269?
977, 683597
List the prime factors of 14491234.
2, 251, 28867
List the prime factors of 92903520.
2, 3, 5, 193549
List the prime factors of 39931745.
5, 7, 41, 27827
What are the prime factors of 1038180791?
47, 79, 279607
What are the prime factors of 1153268444?
2, 288317111
List the prime factors of 46926489.
3, 15642163
What are the prime factors of 69655348?
2, 7, 2487691
What are the prime factors of 301358437?
2377, 126781
What are the prime factors of 286854725?
5, 829, 13841
What are the prime factors of 251934646?
2, 125967323
List the prime factors of 225578849.
19, 29, 113, 3623
List the prime factors of 254420730.
2, 3, 5, 83, 11353
List the prime factors of 68704940.
2, 5, 3435247
What are the prime factors of 645190564?
2, 161297641
What are the prime factors of 369426465?
3, 5, 179, 45863
List the prime factors of 85411175.
5, 19, 179813
What are the prime factors of 14748167?
7, 491, 613
What are the prime factors of 58800685?
5, 101, 116437
What are the prime factors of 179087795?
5, 41, 53, 311
What are the prime factors of 172880573?
229, 754937
What are the prime factors of 1111337202?
2, 3, 185222867
What are the prime factors of 70935518?
2, 53, 97, 6899
What are the prime factors of 201529567?
73, 139, 19861
What are the prime factors of 191421755?
5, 7, 23, 237791
List the prime factors of 1289965316.
2, 293, 1100653
What are the prime factors of 3358639500?
2, 3, 5, 19, 191, 617
What are the prime factors of 64546517?
7, 1019, 9049
What are the prime factors of 54903248?
2, 3431453
What are the prime factors of 44774120?
2, 5, 89, 12577
What are the prime factors of 753479935?
5, 13, 1097, 10567
List the prime factors of 13173748.
2, 7, 67213
List the prime factors of 995405925.
3, 5, 43, 79, 3907
List the prime factors of 8319776.
2, 259993
What are the prime factors of 46392898?
2, 17, 227, 6011
List the prime factors of 1454659331.
1454659331
List the prime factors of 883373866.
2, 211, 2093303
List the prime factors of 33663652.
2, 11, 6323
What are the prime factors of 955894212?
2, 3, 7, 13, 431, 677
What are the prime factors of 41159436?
2, 3, 1721, 1993
List the prime factors of 347651650.
2, 5, 6953033
List the prime factors of 3856028976.
2, 3, 991777
List the prime factors of 110249110.
2, 5, 11024911
List the prime factors of 95138420.
2, 5, 13, 277, 1321
What are the prime factors of 939348726?
2, 3, 156558121
What are the prime factors of 573612637?
13, 44124049
What are the prime factors of 56100148?
2, 13, 1078849
List the prime factors of 137347967.
73, 1881479
List the prime factors of 2105017094.
2, 79, 13322893
What are the prime factors of 3252891813?
3, 18679, 58049
What are the prime factors of 5475115?
5, 1095023
What are the prime factors of 1425741891?
3, 7, 571, 118901
What are the prime factors of 2884345426?
2, 17, 19, 262643
What are the prime factors of 1132346020?
2, 5, 13, 4355177
List the prime factors of 1725122236.
2, 163, 2645893
What are the prime factors of 267467485?
5, 53493497
List the prime factors of 237136740.
2, 3, 5, 17, 232487
What are the prime factors of 159826749?
3, 53275583
What are the prime factors of 153381133?
1889, 81197
List the prime factors of 469798511.
7, 13, 47, 109843
List the prime factors of 257567008.
2, 8048969
What are the prime factors of 93576649?
29, 3226781
List the prime factors of 342805938.
2, 3, 23, 151, 16451
List the prime factors of 60800126.
2, 17, 1788239
List the prime factors of 259278831.
3, 7, 4115537
What are the prime factors of 29453896?
2, 263, 13999
List the prime factors of 59933628.
2, 3, 167, 3323
What are the prime factors of 292092024?
2, 3, 7, 107, 16249
List the prime factors of 427249816.
2, 7, 199, 5477
List the prime factors of 327277414.
2, 977, 167491
What are the prime factors of 229912161?
3, 76637387
What are the prime factors of 160432346?
2, 80216173
What are the prime factors of 86004052?
2, 109, 197257
List the prime factors of 572703056.
2, 2579, 13879
What are the prime factors of 352713010?
2, 5, 13, 2713177
What are the prime factors of 103242640?
2, 5, 1290533
What are the prime factors of 38840919?
3, 13, 229, 4349
List the prime factors of 1209623765.
5, 7, 107, 322997
List the prime factors of 460076113.
7, 6521, 10079
What are the prime factors of 52953319?
52953319
List the prime factors of 2447965315.
5, 859, 569957
List the prime factors of 173837532.
2, 3, 11, 1316951
What are the prime factors of 106220302?
2, 23, 131, 1